and 230?
46
Suppose o - 131 = 80. Suppose -8 + 28 = -5*d, d + o = f. Calculate the highest common factor of f and 23.
23
Let n(s) = s**3 - 18*s**2 + 3*s - 5. Let j be n(18). Suppose 0 = -w + 3*w - 14. Calculate the greatest common factor of w and j.
7
Let h = 12 + -19. Let q = -14 - h. Let r = 15 + q. Calculate the greatest common divisor of 88 and r.
8
Let s be (0 + -1)/(2/(-16)). Calculate the greatest common factor of 104 and s.
8
Let i = -4 + 22. Let s(z) = 0 + 44*z**3 + 2*z + 1 - 4*z + 2*z**2. Let d be s(1). What is the highest common factor of d and i?
9
Suppose l + 30 = 6*l. Suppose 16 = l*h - 2*h. What is the greatest common divisor of h and 36?
4
Let z = 16 - 8. Suppose -d + z = -8. Suppose 5*i + 0*i - 156 = 2*h, 3*i - 106 = -5*h. What is the highest common factor of d and i?
16
Let u(q) be the first derivative of -q**4/4 - 2*q**3 - 3*q**2 - 3*q - 3. Let f be u(-6). What is the highest common factor of 3 and f?
3
Let q = 6 + -8. Let x = 0 - q. Suppose j - 33 = -x*j. What is the highest common factor of j and 55?
11
Suppose 6*p - p = 55. Calculate the greatest common divisor of 1 and p.
1
Let o be (-1083)/(-33) + 4/22. Suppose -3*m + 12 = -21. What is the greatest common divisor of m and o?
11
Let k be 0 + 1 + (-226)/(-2). What is the highest common factor of k and 76?
38
Suppose -7*c + 4 = -6*c. Calculate the greatest common divisor of 4 and c.
4
Let g be 1 + (15 - 3) - 1. Let z(o) = 5*o - 18. Let m be z(g). Let p be 8/6*(-21)/(-2). What is the greatest common divisor of m and p?
14
Let s(v) = -v**2 + 5*v + 4. Let o be s(5). Suppose -r - 51 = -2*i, -i - 3*r = -18 - o. Calculate the greatest common divisor of i and 5.
5
Suppose 26*s - 125 = 21*s. What is the highest common factor of s and 175?
25
Let b(n) = 2*n + 5. Let z = -14 - -23. Let q be b(z). What is the highest common divisor of 69 and q?
23
Let c be 320*(17/5 - (12 + -9)). Calculate the greatest common factor of c and 32.
32
Suppose 4 = -4*t, 30 = 4*j - 2*j - 2*t. What is the greatest common divisor of 126 and j?
14
Let o be (-15)/(-35) - (-33)/21. Suppose -2*c - 4 = 0, -d - 2*c = 3*d - 12. What is the highest common factor of d and o?
2
Suppose 2*o - 16 + 50 = 2*h, -3*h + 63 = o. Suppose 0 = 3*t - 2*b - 4, 0*t + 4*b = -3*t + 10. Calculate the highest common divisor of t and h.
2
Let z be 7/(21/18) - 1. Let l = z - 6. Let m be (11/(-2))/(l/2). What is the highest common factor of 33 and m?
11
Let w(v) = v**2 + 5*v + 5. Suppose -5*s + 13 = -12. Let u be w(s). Suppose 2*k - 7*k + u = 0. Calculate the highest common divisor of k and 22.
11
Let c(g) = 2*g**2 + 23*g. Let v be c(-12). Calculate the highest common divisor of v and 60.
12
Let v = 593 - 577. Let o = 25 - 9. Calculate the highest common divisor of v and o.
16
Suppose 51 = -5*u - 4*r, -27 = 5*u + r - 3*r. Let z = -1 - u. Calculate the highest common divisor of z and 9.
3
Let z(a) = 4*a**3 - 2*a**2 - a - 3. Let o be z(3). Suppose -o = g - 4*g. Calculate the greatest common factor of g and 14.
14
Let r = 5 - 2. Suppose 6*n - 2*n - r*z + 11 = 0, 0 = -z + 5. What is the highest common divisor of 3 and n?
1
Suppose 0 = v - 5*f - 75, -4*v + 54 = -3*v + 2*f. Suppose 0 = -50*o + 45*o + 60. Calculate the greatest common divisor of o and v.
12
Let g(m) = -m**2 - 14*m - 12. Let n be g(-12). Calculate the highest common divisor of 6 and n.
6
Let q be (-2 + 3 + 0)*-6. Let f = q - -9. What is the highest common divisor of f and 21?
3
Let j = 127 + -59. What is the greatest common divisor of 17 and j?
17
Let n be (-4 + 1)/((-15)/10). Let p(v) = v**3 - 8*v**2 - 11*v + 12. Let z be p(9). Let a = 20 + z. Calculate the greatest common factor of n and a.
2
Let k be (-3 + 1 + 0)*-4. Let n = -261 + 446. Suppose -165 = -4*t - b, 5*t - b = 2*b + n. Calculate the greatest common factor of t and k.
8
Let r = -9 + 58. Suppose 2*n = -1 - 1. Let v be (-8 - -1)*1*n. Calculate the greatest common factor of v and r.
7
Let u = 4 - 1. Suppose -2*i + u*i + 1 = 0. Let r be 2*(-2 - i) + 5. What is the greatest common factor of 6 and r?
3
Let v(z) = 4 + 3 - 6 + 2*z + 3. Let d be v(5). What is the greatest common factor of 70 and d?
14
Suppose 0 = -3*w - w + 68. Suppose 0 = -r - 0 + 6. Let y be 134 + 4/r*3. Calculate the highest common factor of y and w.
17
Suppose -3 = 2*o + 9. Let p = o - -102. Suppose -k + 5*k - p = 0. What is the highest common factor of k and 3?
3
Let r be 30 + ((-8)/6)/(16/48). Let n(x) = 13*x. Let m be n(5). What is the greatest common divisor of m and r?
13
Let m = 275 - 140. Calculate the greatest common factor of m and 15.
15
Let f = 80 + -29. Suppose 4*t - f - 29 = 0. What is the greatest common factor of t and 5?
5
Let s be 1 + 1 - (-45 - (-5 + 5)). What is the highest common factor of s and 329?
47
Let q = 9 - -1. Let z be (q/(5 - 4))/2. Calculate the greatest common factor of 45 and z.
5
Suppose -5*r = -10, -z + 3*r = 6*r - 41. What is the highest common factor of 35 and z?
35
Suppose 2*n = 421 - 25. Let x(l) = 3*l**2 - 2*l + 1. Let o be x(3). Suppose 0 = m + 4, 0 = -3*r + 4*m + 48 + o. Calculate the highest common divisor of r and n.
18
Suppose 2*f = 34 - 12. Suppose 0 = u - f - 9. Calculate the greatest common factor of 30 and u.
10
Let u(j) = -5*j**3 + 2*j + 1. Let s = -5 + 4. Let g be u(s). Suppose 3*i - 25 = h - 106, i - 324 = -g*h. Calculate the greatest common divisor of h and 9.
9
Let a be -24 + (-2)/(-8)*4. Let c = 15 - 30. Let q = c - a. What is the highest common divisor of q and 72?
8
Let h(q) = -q**3 - 7*q**2 - 3*q + 10. Let n be h(-8). What is the highest common divisor of 14 and n?
14
Suppose a + 2*a + x = 8, 0 = -3*a - 3*x. Calculate the highest common factor of a and 1.
1
Let b be 3*(-3 + 4)*-1. Let r be (-1)/(2*b/36). Suppose -z + r = -34. Calculate the highest common factor of z and 20.
20
Let g(l) = l**2 - l + 65. Let k be g(0). Suppose m = -0*m + 26. What is the greatest common divisor of m and k?
13
Let o = 26 + -17. Suppose -o = -3*y - 3. Let x = -77 - -81. What is the highest common divisor of x and y?
2
Let d(g) = g - 4. Let v = 8 - 0. Let x be d(v). Suppose 4*c - 17 = -1, -x*c = 3*p - 142. What is the greatest common divisor of p and 6?
6
Let b(k) = -k**2 - 5*k - 4. Let g be b(-3). Suppose 3*z = g*t - 66, 0*t - t + 31 = -z. Calculate the greatest common divisor of t and 3.
3
Suppose 54*g - 70 = 49*g. What is the highest common divisor of 14 and g?
14
Let c(s) = -26*s + 3. Suppose -3 = t - 0*t. Let d be c(t). Calculate the greatest common factor of 9 and d.
9
Let a be 12/(-60) + (-21)/(-5). Suppose -4*f + 2*k = -56, -3*k + 70 = f + a*f. What is the greatest common divisor of 21 and f?
7
Let d(c) = -c - 13. Let h(q) = -q - 12. Let r(b) = 6*d(b) - 7*h(b). Let t be r(-4). Calculate the highest common factor of 2 and t.
2
Let i(m) = -m + 12. Let v be i(8). Calculate the greatest common divisor of 2 and v.
2
Let l = -140 + 157. Calculate the highest common divisor of l and 68.
17
Let z be (-386)/(-8) + (5/(-5))/4. What is the highest common divisor of z and 16?
16
Suppose 30 = f - 4*y, -3*f - f + 78 = 5*y. Calculate the highest common divisor of 11 and f.
11
Suppose 0*l = 5*l - 530. Let k be l + 1/1 + -3. What is the greatest common factor of k and 13?
13
Suppose 0 = 3*k + 2*v - 44, 5*k - 7*v = -2*v + 115. Let m be (k/12)/((-3)/(-16)). Calculate the highest common divisor of 88 and m.
8
Let y(z) = 3*z**2 - 2*z - 1. Let d be y(-2). What is the greatest common divisor of 5 and d?
5
Let p = -39 - -84. What is the greatest common factor of p and 15?
15
Suppose -2*w + 36 = -0*w. Calculate the highest common factor of w and 72.
18
Let n be 869/77 + (-4)/14. Suppose 4*v = 4*j + 3*v - n, -5*j + 2*v + 13 = 0. What is the greatest common divisor of 18 and j?
3
Let j be -6*((-47)/(-2) - -3). Suppose -3*d + 10 - 319 = -4*o, -2*d - 195 = o. Let m = d - j. Calculate the greatest common divisor of 20 and m.
20
Suppose 180 - 108 = 3*i. Calculate the greatest common factor of i and 3.
3
Suppose 0*l = -3*l + 3. Let j be l + (5*-5)/(-1). Suppose -10*i + 2*i + 104 = 0. What is the greatest common factor of j and i?
13
Let h(m) = 29*m - 2. Let t be h(2). What is the greatest common divisor of t and 14?
14
Let d(v) = v**2 + 9*v + 2. Let k be d(-5). Let h = 48 + k. Suppose 0 = -3*p - 0*p + h. Calculate the greatest common fact